of -1*1 + 39/r?
2, 3
Suppose g - 40 = 2. Suppose v - 2*h - 6 = -h, -4*v + g = 5*h. List the prime factors of v.
2
Suppose z - 2*w - w = -9, -4*w = 5*z - 50. Let o(d) = d**2 - 5*d - 2. Let f be o(z). Let j(m) = m**3 - 4*m**2 + 5. What are the prime factors of j(f)?
5
Let k = -8 + 1. Let c = -7 - k. Suppose c = 2*z + 2 + 6, 3*t - 3*z = 45. What are the prime factors of t?
11
Suppose -2*f - 10 = 0, -5*a + 4*f = -a - 40. Let q be (-21)/(-6) + (-3)/6. Suppose 3*w = -3*z - q, a*w = -2*z + 6 + 1. List the prime factors of w.
3
Suppose 4*q = -t - 9, 45 = -5*t - 7*q + 2*q. Let f = -4 - t. Suppose -f*o + 0*o = -10. What are the prime factors of o?
2
Suppose 0 = -2*z + 5*z - 87. Let h = 3 - 0. List the prime factors of (-4)/(-12) + z/h.
2, 5
Suppose q + 2*q = 18. Suppose 0 = s - 3*w - 3, -2*w = -3*s - 4*w - 2. Suppose s = -q*z + 2*z + 40. List the prime factors of z.
2, 5
Let z(o) = o**2 + 7*o + 2. Let r(m) = -m**2 - 8*m - 1. Let d(a) = 4*r(a) + 5*z(a). List the prime factors of d(-7).
2, 17
Let k(j) be the third derivative of -1/8*j**4 - 2*j**2 + 0*j**3 + 0 + 1/10*j**5 + 0*j. List the prime factors of k(2).
2, 3
Let c(r) = 5*r - 1. Let h be c(1). Suppose 0 = -3*n + 4*n - h. List the prime factors of n.
2
Let s = -1 - -15. Suppose 2*v = j - v, 4*j + 2*v = -s. Let m = j - -12. List the prime factors of m.
3
Suppose -5*h = 5*h - 1580. List the prime factors of h.
2, 79
Suppose 2*l + 4 = w, -3*l = 4*w + 17 - 0. What are the prime factors of 9/(w - 33/(-12))?
2, 3
Suppose -l + 351 = 2*l. List the prime factors of l.
3, 13
Suppose 0 = 4*h + 1 - 85. Let j be (0 + 1 - 1)*1. Let k = j + h. List the prime factors of k.
3, 7
Let h(o) = -5*o + 2*o + 2*o + 4. Let x be h(9). List the prime factors of (x/(-2))/((-10)/(-60)).
3, 5
Let b = -32 - -73. What are the prime factors of b?
41
List the prime factors of 3/(-12) + (-459)/(-12).
2, 19
Let y(i) = 8*i + 7. Let b be y(5). Suppose -3*f - s = -b, -3*f = -7*f + s + 72. What are the prime factors of f?
17
Let h(a) = 6*a**2 - 4*a - 1. Let n be h(3). Suppose 0 = 2*l - 7 - n. What are the prime factors of l?
2, 3
Let m(y) = 5*y**2 + 10*y - 11. List the prime factors of m(-6).
109
Suppose -16 = -a - 2*w, 3*a - 2*w = -0*a + 88. List the prime factors of a.
2, 13
Let d(s) = s**2 - s + 2. List the prime factors of d(-4).
2, 11
Let c(v) = v**3 - 4*v**2 + 3*v + 5. List the prime factors of c(7).
173
Let s(p) be the first derivative of -2*p**4 - 2*p**3/3 - p**2/2 + 1. List the prime factors of s(-1).
7
Suppose 0 = 5*g - 14 - 46. What are the prime factors of g?
2, 3
Let u(m) be the third derivative of m**6/120 + m**5/10 - m**4/12 - 7*m**3/6 - m**2. Suppose 2*b + 0*b = -12. What are the prime factors of u(b)?
5
Suppose 0 = -3*y - 3*l + 12, -y - 2*l + 11 = 2*y. Suppose 5*p - 5*a - 11 = 24, -3*p - y*a = 9. List the prime factors of p.
2
Suppose 17 = -3*i + 5. Let g be -3*(i/(-3) + -1). List the prime factors of 2*g - (1 - 7).
2
Suppose -m - 5*n = -117, 3*n + 68 = -5*m + 719. List the prime factors of m.
2, 3, 11
Let b(f) = 2*f**2 + 3*f + 2. Let d be -2 + 3 + (5 - 3). What are the prime factors of b(d)?
29
Let m(q) = -q**2 + 4*q - 2. Let a be m(6). What are the prime factors of 2/(-7) + (-256)/a?
2, 3
Let g(c) = -c**2 + 9*c. Let h(d) = d**3 - 5*d**2 + 6*d - 3. Let y be h(4). What are the prime factors of g(y)?
2, 5
Let x = 0 + -13. Let u(f) = f**3 + 14*f**2 + 11*f + 4. List the prime factors of u(x).
2, 3, 5
Suppose 0 = -4*x - 4*a + 204, a = 10*x - 5*x - 285. List the prime factors of x.
2, 7
Let c(b) = -11*b**2 + 0 + b + 0. Let h be c(1). Let m = 17 + h. What are the prime factors of m?
7
What are the prime factors of -1*(-1)/((-4)/(-156))?
3, 13
Suppose 3*n - 145 = 4*s, -2*n - 3*n = -5*s - 250. Let y be (-1)/(-3) - n/(-15). Suppose 5*w = y*p + 71, -w - 40 = -5*w - p. What are the prime factors of w?
11
Suppose -5*z + 134 + 66 = 0. Suppose -s - 4*i - i + 10 = 0, -3*s - 5*i = -z. List the prime factors of s.
3, 5
Let k be 1*1/(-2)*0. Suppose 4*a - 2*t + k*t = -6, 0 = 3*t - 15. Suppose -q - a + 10 = 0. What are the prime factors of q?
3
Let i(y) = -2*y - 4. Suppose 4*p - 34 = 2*f - 0*f, -5*f = 4*p - 55. Let t be i(p). What are the prime factors of (t/14)/(8/(-28))?
2, 3
Let z(o) = o**3 - 7*o**2 + 13*o - 1. What are the prime factors of z(8)?
167
Let t(r) = r**2 - 8*r + 10. Let p be t(7). Suppose -i - 6 = -2, i = -p*n - 1. Let f(y) = 6*y. List the prime factors of f(n).
2, 3
Let g(u) = -4*u. What are the prime factors of g(-9)?
2, 3
Suppose -1 = 2*m - 9, -4*r - 2*m = -24. Suppose -r*i + 32 + 68 = 0. List the prime factors of i.
5
Let t(s) = -s**3 + 6*s**2 - s. List the prime factors of t(5).
2, 5
Let f(a) = a**3 + 12*a**2 + 16*a + 10. List the prime factors of f(-10).
2, 5
Let f = -31 + 51. What are the prime factors of f?
2, 5
List the prime factors of (-2)/(-8) + (-236)/(-16).
3, 5
Let g(d) = d**2 + 4*d - 1. Suppose -5*k - 7 = -4*k. List the prime factors of g(k).
2, 5
Let s be (-1)/2*3*-2. Suppose s*f + 2*i = 6*i + 78, 4*f - 2*i = 94. List the prime factors of f.
2, 11
Let t(s) = 4*s**3 + 2*s + 2. What are the prime factors of t(3)?
2, 29
Let j(o) = o**3 + 10*o**2 - 2*o + 20. List the prime factors of j(-10).
2, 5
Suppose 3*u = 31 + 74. Suppose 2*o - u = 79. List the prime factors of o.
3, 19
Let j = -5 + 10. Suppose j*m + 44 = 4. Let i(s) = -3*s - 6. What are the prime factors of i(m)?
2, 3
Let n(v) be the second derivative of -v**5/20 + 5*v**4/6 - v**3 + 11*v**2/2 + v. What are the prime factors of n(9)?
2, 19
Let u(j) = 5*j**3 + 8*j**2 + 2*j - 5. Let d(y) = -11*y**3 - 15*y**2 - 4*y + 10. Let p(b) = 6*d(b) + 13*u(b). What are the prime factors of p(14)?
23
Let g(n) = n**3 + 7*n**2 - 12*n + 6. What are the prime factors of g(-8)?
2, 19
Suppose -5*h + 2*q = -65, -h - 2*q - 9 = 2*q. Let a(p) = 4*p - 11. What are the prime factors of a(h)?
3, 11
Let i be 2/3*(-4 - -7). Suppose -3*v = -5*w + 24, -w - 3 = i*v - 0*v. Suppose 4*y = w + 29. List the prime factors of y.
2
List the prime factors of 2/(-1) - 2585/(-11).
233
Let w(z) be the first derivative of z**3/3 + 4*z**2 + 7*z + 3. List the prime factors of w(-9).
2
Let v(y) = 48*y**2 - y + 2. Let j be v(1). Let o = j + -27. List the prime factors of o.
2, 11
Suppose 4*b + 30 = -10. What are the prime factors of 1/5 - 118/b?
2, 3
Let r be (30/(-8))/((-1)/24). Suppose -3*i + r = 2*i. List the prime factors of i.
2, 3
Suppose -4*f + 2*f + 52 = 0. List the prime factors of ((-3)/(-6))/(1/f).
13
Let r(f) = 3*f - 1. Let n be r(3). Suppose -4*x + 0 = -n. Suppose 0 = 5*w + j - 52, x*w - 1 = -5*j + 6. List the prime factors of w.
11
Suppose -2*k + 0*k = -2. What are the prime factors of 1/(k/9 - 0)?
3
Suppose -2*n = 0, -4*g + 145 + 3 = -3*n. List the prime factors of g.
37
Suppose 488 = 7*y - 37. List the prime factors of y.
3, 5
Let d(f) = -f**3 + 2*f + 1. Let p be d(-2). Suppose v + v = r + 51, -p*r + 137 = 4*v. List the prime factors of v.
2, 7
Let i(y) = -y**3 + 4*y**2 - y. Let p be i(2). Let s(c) = 4*c + 10. What are the prime factors of s(p)?
2, 17
List the prime factors of 106/22 + 13/11 + -1.
5
Let g(r) = r**3 - r + 7. Let n be g(0). Let v(u) = -u**2 + 8*u - 1. List the prime factors of v(n).
2, 3
Suppose r = 91 - 2. List the prime factors of r.
89
Suppose -3*f - 17 = -2*b, 4*b + 0*f = 4*f + 32. Suppose 5*y - 3*y = 12. Let i = b + y. List the prime factors of i.
13
Suppose 4*v + 430 = 2*j, -3*j = 2*j - v - 1102. List the prime factors of j.
13, 17
Suppose 0 = -4*j + 2*p + 53 + 11, -2*j + 8 = 5*p. Suppose j = 2*h - 10. List the prime factors of h.
2, 3
Suppose -4*q = -352 + 56. List the prime factors of q.
2, 37
Let b(r) = 1. Let p(a) = -2*a - 5. Let j(n) = 3*b(n) + p(n). Suppose 18 = -6*c + 3*c. List the prime factors of j(c).
2, 5
Suppose 0 = 3*q - 8*q + 10. Suppose -q*f + 16 = -3*g, -3*f + 7 = -3*g + 7*g. List the prime factors of f.
5
Suppose v + 3*z = 96, -3*v + 2*v - 4*z + 99 = 0. List the prime factors of v.
3, 29
Let b(h) = h**3 - 4*h**2 + 2*h - 4. Let w be b(4). Suppose 3*u = w*u - 16. List the prime factors of u.
2
Suppose -24 = -4*g - 3*h, 5*g + 1 = 4*h - 0. Suppose c = -g*c + 8. Let n = 2 + c. What are the prime factors of n?
2
Let f(y) = -7*y + 3. List the prime factors of f(-4).
31
Suppose 3*a = -3*x - 45, 4*x = 5*a - 6*a - 51. Let n = 13 - x. List the prime factors of n.